{"id":840,"date":"2020-11-05T10:26:19","date_gmt":"2020-11-05T09:26:19","guid":{"rendered":"http:\/\/influenceetcontraste.com\/?page_id=840"},"modified":"2023-05-03T10:12:57","modified_gmt":"2023-05-03T08:12:57","slug":"projet-edouard-denis","status":"publish","type":"page","link":"https:\/\/influenceetcontraste.com\/?page_id=840","title":{"rendered":"Projet Edouard Denis"},"content":{"rendered":"\t\t<div data-elementor-type=\"wp-page\" data-elementor-id=\"840\" class=\"elementor elementor-840\">\n\t\t\t\t\t\t<section class=\"elementor-section elementor-top-section elementor-element elementor-element-1fbb9f58 elementor-section-boxed elementor-section-height-default elementor-section-height-default\" data-id=\"1fbb9f58\" data-element_type=\"section\">\n\t\t\t\t\t\t<div class=\"elementor-container elementor-column-gap-default\">\n\t\t\t\t\t<div class=\"elementor-column elementor-col-100 elementor-top-column elementor-element elementor-element-5d5a0204\" data-id=\"5d5a0204\" data-element_type=\"column\">\n\t\t\t<div class=\"elementor-widget-wrap elementor-element-populated\">\n\t\t\t\t\t\t<div class=\"elementor-element elementor-element-3cd8e8dc elementor-widget elementor-widget-text-editor\" data-id=\"3cd8e8dc\" data-element_type=\"widget\" data-widget_type=\"text-editor.default\">\n\t\t\t\t<div class=\"elementor-widget-container\">\n\t\t\t\t\t\t\t\t\t\n<div class=\"wp-block-themeisle-blocks-advanced-columns has-undefined-columns has-desktop-undefined-layout has-tablet-equal-layout has-mobile-equal-layout has-default-gap has-vertical-unset\" id=\"wp-block-themeisle-blocks-advanced-columns-bf756cfb\" style=\"border-width:0px;border-style:solid;border-color:#000000;border-radius:0px;justify-content:unset\"><div class=\"wp-themeisle-block-overlay\" style=\"opacity:0.5;mix-blend-mode:normal\"><\/div><div class=\"innerblocks-wrap\"><\/div><\/div>\n\t\t\t\t\t\t\t\t<\/div>\n\t\t\t\t<\/div>\n\t\t\t\t\t<\/div>\n\t\t<\/div>\n\t\t\t\t\t<\/div>\n\t\t<\/section>\n\t\t\t\t<section class=\"elementor-section elementor-top-section elementor-element elementor-element-593e640a elementor-section-boxed elementor-section-height-default elementor-section-height-default\" data-id=\"593e640a\" data-element_type=\"section\" data-settings=\"{&quot;background_background&quot;:&quot;classic&quot;}\">\n\t\t\t\t\t\t<div class=\"elementor-container elementor-column-gap-default\">\n\t\t\t\t\t<div class=\"elementor-column elementor-col-100 elementor-top-column elementor-element elementor-element-1a32bdc2\" data-id=\"1a32bdc2\" data-element_type=\"column\">\n\t\t\t<div class=\"elementor-widget-wrap elementor-element-populated\">\n\t\t\t\t\t\t<div class=\"elementor-element elementor-element-567fe3da elementor-widget elementor-widget-text-editor\" data-id=\"567fe3da\" data-element_type=\"widget\" data-widget_type=\"text-editor.default\">\n\t\t\t\t<div class=\"elementor-widget-container\">\n\t\t\t\t\t\t\t\t\t<p>Appartement t\u00e9moin<\/p>\t\t\t\t\t\t\t\t<\/div>\n\t\t\t\t<\/div>\n\t\t\t\t<div class=\"elementor-element elementor-element-1f571650 elementor-widget elementor-widget-text-editor\" data-id=\"1f571650\" data-element_type=\"widget\" data-widget_type=\"text-editor.default\">\n\t\t\t\t<div class=\"elementor-widget-container\">\n\t\t\t\t\t\t\t\t\t<p>Am\u00e9nagement d&#8217;un\u00a0<span style=\"font-family: Montserrat;\">T2 \u00e0 Nantes\u00a0<\/span><span style=\"font-size: inherit;\">pour le promoteur Edouard Denis .<\/span><\/p>\n<p><span style=\"font-size: inherit;\">L&#8217;agence Influence &amp; Contraste propose des services de home staging aupr\u00e8s des promoteurs, agences immobili\u00e8res et particuliers.<\/span><\/p>\t\t\t\t\t\t\t\t<\/div>\n\t\t\t\t<\/div>\n\t\t\t\t<div class=\"elementor-element elementor-element-1e0482ec elementor-widget elementor-widget-image\" data-id=\"1e0482ec\" data-element_type=\"widget\" data-widget_type=\"image.default\">\n\t\t\t\t<div class=\"elementor-widget-container\">\n\t\t\t\t\t\t\t\t\t\t\t\t\t\t\t<img fetchpriority=\"high\" decoding=\"async\" width=\"750\" height=\"750\" src=\"https:\/\/influenceetcontraste.com\/wp-content\/uploads\/2020\/11\/DE7245AB-824B-4747-B8F2-EF2874FF3949-1024x1024.jpg\" class=\"attachment-large size-large wp-image-854\" alt=\"\" srcset=\"https:\/\/influenceetcontraste.com\/wp-content\/uploads\/2020\/11\/DE7245AB-824B-4747-B8F2-EF2874FF3949-1024x1024.jpg 1024w, https:\/\/influenceetcontraste.com\/wp-content\/uploads\/2020\/11\/DE7245AB-824B-4747-B8F2-EF2874FF3949-150x150.jpg 150w, https:\/\/influenceetcontraste.com\/wp-content\/uploads\/2020\/11\/DE7245AB-824B-4747-B8F2-EF2874FF3949-300x300.jpg 300w, https:\/\/influenceetcontraste.com\/wp-content\/uploads\/2020\/11\/DE7245AB-824B-4747-B8F2-EF2874FF3949-768x768.jpg 768w, https:\/\/influenceetcontraste.com\/wp-content\/uploads\/2020\/11\/DE7245AB-824B-4747-B8F2-EF2874FF3949.jpg 1440w\" sizes=\"(max-width: 750px) 100vw, 750px\" \/>\t\t\t\t\t\t\t\t\t\t\t\t\t\t\t<\/div>\n\t\t\t\t<\/div>\n\t\t\t\t\t<\/div>\n\t\t<\/div>\n\t\t\t\t\t<\/div>\n\t\t<\/section>\n\t\t\t\t<section class=\"elementor-section elementor-top-section elementor-element elementor-element-1bf06962 elementor-section-boxed elementor-section-height-default elementor-section-height-default\" data-id=\"1bf06962\" data-element_type=\"section\" data-settings=\"{&quot;background_background&quot;:&quot;classic&quot;}\">\n\t\t\t\t\t\t<div class=\"elementor-container elementor-column-gap-default\">\n\t\t\t\t\t<div class=\"elementor-column elementor-col-100 elementor-top-column elementor-element elementor-element-1e9d0fc9\" data-id=\"1e9d0fc9\" data-element_type=\"column\">\n\t\t\t<div class=\"elementor-widget-wrap elementor-element-populated\">\n\t\t\t\t\t\t\t<\/div>\n\t\t<\/div>\n\t\t\t\t\t<\/div>\n\t\t<\/section>\n\t\t\t\t<section class=\"elementor-section elementor-top-section elementor-element elementor-element-649a4ab7 elementor-section-content-middle elementor-section-boxed elementor-section-height-default elementor-section-height-default\" data-id=\"649a4ab7\" data-element_type=\"section\">\n\t\t\t\t\t\t<div class=\"elementor-container elementor-column-gap-default\">\n\t\t\t\t\t<div class=\"elementor-column elementor-col-50 elementor-top-column elementor-element elementor-element-d6466ff\" data-id=\"d6466ff\" data-element_type=\"column\">\n\t\t\t<div class=\"elementor-widget-wrap elementor-element-populated\">\n\t\t\t\t\t\t<div class=\"elementor-element elementor-element-5c50c10e elementor-widget elementor-widget-heading\" data-id=\"5c50c10e\" data-element_type=\"widget\" data-widget_type=\"heading.default\">\n\t\t\t\t<div class=\"elementor-widget-container\">\n\t\t\t\t\t<h2 class=\"elementor-heading-title elementor-size-large\">D\u00e9coration<\/h2>\t\t\t\t<\/div>\n\t\t\t\t<\/div>\n\t\t\t\t<div class=\"elementor-element elementor-element-6a7214dd elementor-widget elementor-widget-text-editor\" data-id=\"6a7214dd\" data-element_type=\"widget\" data-widget_type=\"text-editor.default\">\n\t\t\t\t<div class=\"elementor-widget-container\">\n\t\t\t\t\t\t\t\t\t<p><\/p>\n<p><\/p>\t\t\t\t\t\t\t\t<\/div>\n\t\t\t\t<\/div>\n\t\t\t\t\t<\/div>\n\t\t<\/div>\n\t\t\t\t<div class=\"elementor-column elementor-col-50 elementor-top-column elementor-element elementor-element-7a78870a\" data-id=\"7a78870a\" data-element_type=\"column\">\n\t\t\t<div class=\"elementor-widget-wrap elementor-element-populated\">\n\t\t\t\t\t\t<div class=\"elementor-element elementor-element-515a0305 elementor-widget elementor-widget-image\" data-id=\"515a0305\" data-element_type=\"widget\" data-widget_type=\"image.default\">\n\t\t\t\t<div class=\"elementor-widget-container\">\n\t\t\t\t\t\t\t\t\t\t\t\t\t\t\t<img decoding=\"async\" width=\"1440\" height=\"1440\" src=\"https:\/\/influenceetcontraste.com\/wp-content\/uploads\/2020\/11\/96916D07-AEF3-460C-8CBB-376E3C750C4F.jpg\" class=\"attachment-full size-full wp-image-852\" alt=\"\" srcset=\"https:\/\/influenceetcontraste.com\/wp-content\/uploads\/2020\/11\/96916D07-AEF3-460C-8CBB-376E3C750C4F.jpg 1440w, https:\/\/influenceetcontraste.com\/wp-content\/uploads\/2020\/11\/96916D07-AEF3-460C-8CBB-376E3C750C4F-150x150.jpg 150w, https:\/\/influenceetcontraste.com\/wp-content\/uploads\/2020\/11\/96916D07-AEF3-460C-8CBB-376E3C750C4F-300x300.jpg 300w, https:\/\/influenceetcontraste.com\/wp-content\/uploads\/2020\/11\/96916D07-AEF3-460C-8CBB-376E3C750C4F-768x768.jpg 768w, https:\/\/influenceetcontraste.com\/wp-content\/uploads\/2020\/11\/96916D07-AEF3-460C-8CBB-376E3C750C4F-1024x1024.jpg 1024w\" sizes=\"(max-width: 1440px) 100vw, 1440px\" \/>\t\t\t\t\t\t\t\t\t\t\t\t\t\t\t<\/div>\n\t\t\t\t<\/div>\n\t\t\t\t\t<\/div>\n\t\t<\/div>\n\t\t\t\t\t<\/div>\n\t\t<\/section>\n\t\t\t\t<section class=\"elementor-section elementor-top-section elementor-element elementor-element-7914da6f elementor-section-content-middle elementor-reverse-mobile elementor-section-boxed elementor-section-height-default elementor-section-height-default\" data-id=\"7914da6f\" data-element_type=\"section\">\n\t\t\t\t\t\t<div class=\"elementor-container elementor-column-gap-default\">\n\t\t\t\t\t<div class=\"elementor-column elementor-col-50 elementor-top-column elementor-element elementor-element-7c853321\" data-id=\"7c853321\" data-element_type=\"column\">\n\t\t\t<div class=\"elementor-widget-wrap elementor-element-populated\">\n\t\t\t\t\t\t<div class=\"elementor-element elementor-element-c3814ea elementor-widget elementor-widget-image\" data-id=\"c3814ea\" data-element_type=\"widget\" data-widget_type=\"image.default\">\n\t\t\t\t<div class=\"elementor-widget-container\">\n\t\t\t\t\t\t\t\t\t\t\t\t\t\t\t<img decoding=\"async\" width=\"1440\" height=\"1440\" src=\"https:\/\/influenceetcontraste.com\/wp-content\/uploads\/2020\/11\/E5047C80-A621-41F2-9E1F-7B2D383C8C66.jpg\" class=\"attachment-full size-full wp-image-855\" alt=\"\" srcset=\"https:\/\/influenceetcontraste.com\/wp-content\/uploads\/2020\/11\/E5047C80-A621-41F2-9E1F-7B2D383C8C66.jpg 1440w, https:\/\/influenceetcontraste.com\/wp-content\/uploads\/2020\/11\/E5047C80-A621-41F2-9E1F-7B2D383C8C66-150x150.jpg 150w, https:\/\/influenceetcontraste.com\/wp-content\/uploads\/2020\/11\/E5047C80-A621-41F2-9E1F-7B2D383C8C66-300x300.jpg 300w, https:\/\/influenceetcontraste.com\/wp-content\/uploads\/2020\/11\/E5047C80-A621-41F2-9E1F-7B2D383C8C66-768x768.jpg 768w, https:\/\/influenceetcontraste.com\/wp-content\/uploads\/2020\/11\/E5047C80-A621-41F2-9E1F-7B2D383C8C66-1024x1024.jpg 1024w\" sizes=\"(max-width: 1440px) 100vw, 1440px\" \/>\t\t\t\t\t\t\t\t\t\t\t\t\t\t\t<\/div>\n\t\t\t\t<\/div>\n\t\t\t\t\t<\/div>\n\t\t<\/div>\n\t\t\t\t<div class=\"elementor-column elementor-col-50 elementor-top-column elementor-element elementor-element-3c6793d\" data-id=\"3c6793d\" data-element_type=\"column\">\n\t\t\t<div class=\"elementor-widget-wrap elementor-element-populated\">\n\t\t\t\t\t\t\t<\/div>\n\t\t<\/div>\n\t\t\t\t\t<\/div>\n\t\t<\/section>\n\t\t\t\t<section class=\"elementor-section elementor-top-section elementor-element elementor-element-15f2c74b elementor-section-content-middle elementor-section-boxed elementor-section-height-default elementor-section-height-default\" data-id=\"15f2c74b\" data-element_type=\"section\" data-settings=\"{&quot;background_background&quot;:&quot;classic&quot;}\">\n\t\t\t\t\t\t<div class=\"elementor-container elementor-column-gap-default\">\n\t\t\t\t\t<div class=\"elementor-column elementor-col-50 elementor-top-column elementor-element elementor-element-5515344b\" data-id=\"5515344b\" data-element_type=\"column\">\n\t\t\t<div class=\"elementor-widget-wrap elementor-element-populated\">\n\t\t\t\t\t\t<div class=\"elementor-element elementor-element-30074b91 elementor-widget elementor-widget-heading\" data-id=\"30074b91\" data-element_type=\"widget\" data-widget_type=\"heading.default\">\n\t\t\t\t<div class=\"elementor-widget-container\">\n\t\t\t\t\t<h2 class=\"elementor-heading-title elementor-size-large\">Home Staging<\/h2>\t\t\t\t<\/div>\n\t\t\t\t<\/div>\n\t\t\t\t\t<\/div>\n\t\t<\/div>\n\t\t\t\t<div class=\"elementor-column elementor-col-50 elementor-top-column elementor-element elementor-element-7ecb36f1\" data-id=\"7ecb36f1\" data-element_type=\"column\">\n\t\t\t<div class=\"elementor-widget-wrap elementor-element-populated\">\n\t\t\t\t\t\t<div class=\"elementor-element elementor-element-8faee61 elementor-widget elementor-widget-image\" data-id=\"8faee61\" data-element_type=\"widget\" data-widget_type=\"image.default\">\n\t\t\t\t<div class=\"elementor-widget-container\">\n\t\t\t\t\t\t\t\t\t\t\t\t\t\t\t<img loading=\"lazy\" decoding=\"async\" width=\"1440\" height=\"1440\" src=\"https:\/\/influenceetcontraste.com\/wp-content\/uploads\/2020\/11\/05E9012A-EC86-49C2-8ECD-B8676148ED5A.jpg\" class=\"attachment-full size-full wp-image-846\" alt=\"\" srcset=\"https:\/\/influenceetcontraste.com\/wp-content\/uploads\/2020\/11\/05E9012A-EC86-49C2-8ECD-B8676148ED5A.jpg 1440w, https:\/\/influenceetcontraste.com\/wp-content\/uploads\/2020\/11\/05E9012A-EC86-49C2-8ECD-B8676148ED5A-150x150.jpg 150w, https:\/\/influenceetcontraste.com\/wp-content\/uploads\/2020\/11\/05E9012A-EC86-49C2-8ECD-B8676148ED5A-300x300.jpg 300w, https:\/\/influenceetcontraste.com\/wp-content\/uploads\/2020\/11\/05E9012A-EC86-49C2-8ECD-B8676148ED5A-768x768.jpg 768w, https:\/\/influenceetcontraste.com\/wp-content\/uploads\/2020\/11\/05E9012A-EC86-49C2-8ECD-B8676148ED5A-1024x1024.jpg 1024w\" sizes=\"(max-width: 1440px) 100vw, 1440px\" \/>\t\t\t\t\t\t\t\t\t\t\t\t\t\t\t<\/div>\n\t\t\t\t<\/div>\n\t\t\t\t\t<\/div>\n\t\t<\/div>\n\t\t\t\t\t<\/div>\n\t\t<\/section>\n\t\t\t\t<\/div>\n\t\t","protected":false},"excerpt":{"rendered":"<p>Appartement t\u00e9moin Am\u00e9nagement d&#8217;un&nbsp;T2 \u00e0 Nantes&nbsp;pour le promoteur Edouard Denis . L&#8217;agence Influence &amp; Contraste propose des services de home staging aupr\u00e8s des promoteurs, agences immobili\u00e8res et particuliers. D\u00e9coration Home Staging<\/p>\n","protected":false},"author":1,"featured_media":0,"parent":0,"menu_order":0,"comment_status":"closed","ping_status":"closed","template":"","meta":{"footnotes":""},"class_list":["post-840","page","type-page","status-publish","hentry"],"_links":{"self":[{"href":"https:\/\/influenceetcontraste.com\/index.php?rest_route=\/wp\/v2\/pages\/840","targetHints":{"allow":["GET"]}}],"collection":[{"href":"https:\/\/influenceetcontraste.com\/index.php?rest_route=\/wp\/v2\/pages"}],"about":[{"href":"https:\/\/influenceetcontraste.com\/index.php?rest_route=\/wp\/v2\/types\/page"}],"author":[{"embeddable":true,"href":"https:\/\/influenceetcontraste.com\/index.php?rest_route=\/wp\/v2\/users\/1"}],"replies":[{"embeddable":true,"href":"https:\/\/influenceetcontraste.com\/index.php?rest_route=%2Fwp%2Fv2%2Fcomments&post=840"}],"version-history":[{"count":12,"href":"https:\/\/influenceetcontraste.com\/index.php?rest_route=\/wp\/v2\/pages\/840\/revisions"}],"predecessor-version":[{"id":1239,"href":"https:\/\/influenceetcontraste.com\/index.php?rest_route=\/wp\/v2\/pages\/840\/revisions\/1239"}],"wp:attachment":[{"href":"https:\/\/influenceetcontraste.com\/index.php?rest_route=%2Fwp%2Fv2%2Fmedia&parent=840"}],"curies":[{"name":"wp","href":"https:\/\/api.w.org\/{rel}","templated":true}]}}